{"id":61,"date":"2022-10-09T07:24:46","date_gmt":"2022-10-09T07:24:46","guid":{"rendered":"https:\/\/centroinfalntiljardindeluz.com\/?page_id=61"},"modified":"2022-10-15T09:59:02","modified_gmt":"2022-10-15T09:59:02","slug":"sobre-nosotros","status":"publish","type":"page","link":"https:\/\/centroinfalntiljardindeluz.com\/index.php\/sobre-nosotros\/","title":{"rendered":"Sobre Nosotros"},"content":{"rendered":"\t\t<div data-elementor-type=\"wp-page\" data-elementor-id=\"61\" class=\"elementor elementor-61\">\n\t\t\t\t\t\t\t\t\t<section class=\"elementor-section elementor-top-section elementor-element elementor-element-633970c6 elementor-section-content-middle elementor-reverse-mobile elementor-section-boxed elementor-section-height-default elementor-section-height-default\" data-id=\"633970c6\" data-element_type=\"section\">\n\t\t\t\t\t\t<div class=\"elementor-container elementor-column-gap-no\">\n\t\t\t\t\t<div class=\"elementor-column elementor-col-100 elementor-top-column elementor-element elementor-element-21aae9f2\" data-id=\"21aae9f2\" data-element_type=\"column\">\n\t\t\t<div class=\"elementor-widget-wrap elementor-element-populated\">\n\t\t\t\t\t\t\t\t<div class=\"elementor-element elementor-element-1ae038ab elementor-widget elementor-widget-heading\" data-id=\"1ae038ab\" data-element_type=\"widget\" data-widget_type=\"heading.default\">\n\t\t\t\t<div class=\"elementor-widget-container\">\n\t\t\t<style>\/*! elementor - v3.16.0 - 17-10-2023 *\/\n.elementor-heading-title{padding:0;margin:0;line-height:1}.elementor-widget-heading .elementor-heading-title[class*=elementor-size-]>a{color:inherit;font-size:inherit;line-height:inherit}.elementor-widget-heading .elementor-heading-title.elementor-size-small{font-size:15px}.elementor-widget-heading .elementor-heading-title.elementor-size-medium{font-size:19px}.elementor-widget-heading .elementor-heading-title.elementor-size-large{font-size:29px}.elementor-widget-heading .elementor-heading-title.elementor-size-xl{font-size:39px}.elementor-widget-heading .elementor-heading-title.elementor-size-xxl{font-size:59px}<\/style><h4 class=\"elementor-heading-title elementor-size-default\">Con\u00f3cenos<\/h4>\t\t<\/div>\n\t\t\t\t<\/div>\n\t\t\t\t<div class=\"elementor-element elementor-element-e3d1a8d elementor-widget elementor-widget-text-editor\" data-id=\"e3d1a8d\" data-element_type=\"widget\" data-widget_type=\"text-editor.default\">\n\t\t\t\t<div class=\"elementor-widget-container\">\n\t\t\t<style>\/*! elementor - v3.16.0 - 17-10-2023 *\/\n.elementor-widget-text-editor.elementor-drop-cap-view-stacked .elementor-drop-cap{background-color:#69727d;color:#fff}.elementor-widget-text-editor.elementor-drop-cap-view-framed .elementor-drop-cap{color:#69727d;border:3px solid;background-color:transparent}.elementor-widget-text-editor:not(.elementor-drop-cap-view-default) .elementor-drop-cap{margin-top:8px}.elementor-widget-text-editor:not(.elementor-drop-cap-view-default) .elementor-drop-cap-letter{width:1em;height:1em}.elementor-widget-text-editor .elementor-drop-cap{float:left;text-align:center;line-height:1;font-size:50px}.elementor-widget-text-editor .elementor-drop-cap-letter{display:inline-block}<\/style>\t\t\t\t<div class=\"x11i5rnm xat24cr x1mh8g0r x1vvkbs xtlvy1s x126k92a\"><div dir=\"auto\"><strong><em>C.E.I. JARD\u00cdN DE LUZ<\/em><\/strong>\u00a0Es una escuela privada no concertada que se encuentra en la Universidad de Huelva (abierta a todos los p\u00fablicos) .La escuela se form\u00f3\u00a0<strong><em>a partir de una gran ilusi\u00f3n<\/em><\/strong>\u00a0por crear una escuela activa, con un curr\u00edculo abierto y flexible, proporcionando una identidad y un estilo propios.<\/div><\/div><div class=\"x11i5rnm xat24cr x1mh8g0r x1vvkbs xtlvy1s x126k92a\"><div dir=\"auto\">La intenci\u00f3n es la de poder sacar lo mejor de nosotros y de nuestros ni\u00f1os y as\u00ed ellos tengan un gran recuerdo de una parte muy importante de su infancia. Somos una Escuela Infantil donde atendemos y educamos a ni\u00f1os y ni\u00f1as del primer ciclo de Educaci\u00f3n Infantil (de 0 a 3 a\u00f1os).<\/div><div dir=\"auto\">\u00a0<\/div><\/div><div class=\"x11i5rnm xat24cr x1mh8g0r x1vvkbs xtlvy1s x126k92a\"><div dir=\"auto\">Nuestro principal objetivo es, no solamente desarrollar un proyecto educativo de alta calidad, sino que el ni\u00f1o\/a sea feliz en el Centro y sobre todo en un ambiente familiar que nos caracteriza,\u00a0<strong>donde<em>\u00a0se les quiere, se les cuida, se les prepara para su integraci\u00f3n social<\/em>\u00a0<\/strong>y autonom\u00eda para su pr\u00f3xima etapa escolar.<\/div><div dir=\"auto\">Es por ello que en el Centro los ni\u00f1os y ni\u00f1as son atendidos por un equipo de profesionales seleccionados cuidadosamente, con la preparaci\u00f3n necesaria para cada puesto de trabajo, con la experiencia y sobre todo con calidad humana para crear un ambiente acogedor en el centro. Las caracter\u00edsticas de nuestro modelo educativo nos hacen ir m\u00e1s all\u00e1 del concepto tradicional de escuela infantil.<\/div><\/div>\t\t\t\t\t\t<\/div>\n\t\t\t\t<\/div>\n\t\t\t\t<div class=\"elementor-element elementor-element-18f1397 gallery-spacing-custom elementor-widget elementor-widget-image-gallery\" data-id=\"18f1397\" data-element_type=\"widget\" data-widget_type=\"image-gallery.default\">\n\t\t\t\t<div class=\"elementor-widget-container\">\n\t\t\t<style>\/*! elementor - v3.16.0 - 17-10-2023 *\/\n.elementor-image-gallery .gallery-item{display:inline-block;text-align:center;vertical-align:top;width:100%;max-width:100%;margin:0 auto}.elementor-image-gallery .gallery-item img{margin:0 auto}.elementor-image-gallery .gallery-item .gallery-caption{margin:0}.elementor-image-gallery figure img{display:block}.elementor-image-gallery figure figcaption{width:100%}.gallery-spacing-custom .elementor-image-gallery .gallery-icon{padding:0}@media (min-width:768px){.elementor-image-gallery .gallery-columns-2 .gallery-item{max-width:50%}.elementor-image-gallery .gallery-columns-3 .gallery-item{max-width:33.33%}.elementor-image-gallery .gallery-columns-4 .gallery-item{max-width:25%}.elementor-image-gallery .gallery-columns-5 .gallery-item{max-width:20%}.elementor-image-gallery .gallery-columns-6 .gallery-item{max-width:16.666%}.elementor-image-gallery .gallery-columns-7 .gallery-item{max-width:14.28%}.elementor-image-gallery .gallery-columns-8 .gallery-item{max-width:12.5%}.elementor-image-gallery .gallery-columns-9 .gallery-item{max-width:11.11%}.elementor-image-gallery .gallery-columns-10 .gallery-item{max-width:10%}}@media (min-width:480px) and (max-width:767px){.elementor-image-gallery .gallery.gallery-columns-2 .gallery-item,.elementor-image-gallery .gallery.gallery-columns-3 .gallery-item,.elementor-image-gallery .gallery.gallery-columns-4 .gallery-item,.elementor-image-gallery .gallery.gallery-columns-5 .gallery-item,.elementor-image-gallery .gallery.gallery-columns-6 .gallery-item,.elementor-image-gallery .gallery.gallery-columns-7 .gallery-item,.elementor-image-gallery .gallery.gallery-columns-8 .gallery-item,.elementor-image-gallery .gallery.gallery-columns-9 .gallery-item,.elementor-image-gallery .gallery.gallery-columns-10 .gallery-item{max-width:50%}}@media (max-width:479px){.elementor-image-gallery .gallery.gallery-columns-2 .gallery-item,.elementor-image-gallery .gallery.gallery-columns-3 .gallery-item,.elementor-image-gallery .gallery.gallery-columns-4 .gallery-item,.elementor-image-gallery .gallery.gallery-columns-5 .gallery-item,.elementor-image-gallery .gallery.gallery-columns-6 .gallery-item,.elementor-image-gallery .gallery.gallery-columns-7 .gallery-item,.elementor-image-gallery .gallery.gallery-columns-8 .gallery-item,.elementor-image-gallery .gallery.gallery-columns-9 .gallery-item,.elementor-image-gallery .gallery.gallery-columns-10 .gallery-item{max-width:100%}}<\/style>\t\t<div class=\"elementor-image-gallery\">\n\t\t\t<div id='gallery-1' class='gallery galleryid-61 gallery-columns-2 gallery-size-medium'><figure class='gallery-item'>\n\t\t\t<div class='gallery-icon landscape'>\n\t\t\t\t<a data-elementor-open-lightbox=\"yes\" data-elementor-lightbox-slideshow=\"18f1397\" data-elementor-lightbox-title=\"jard\u00edn de luz_42\" data-e-action-hash=\"#elementor-action%3Aaction%3Dlightbox%26settings%3DeyJpZCI6MTg0LCJ1cmwiOiJodHRwczpcL1wvY2VudHJvaW5mYWxudGlsamFyZGluZGVsdXouY29tXC93cC1jb250ZW50XC91cGxvYWRzXC8yMDIyXC8xMFwvamFyZGluLWRlLWx1el80Mi5qcGVnIiwic2xpZGVzaG93IjoiMThmMTM5NyJ9\" href='https:\/\/centroinfalntiljardindeluz.com\/wp-content\/uploads\/2022\/10\/jardin-de-luz_42.jpeg'><img loading=\"lazy\" decoding=\"async\" width=\"300\" height=\"168\" src=\"https:\/\/centroinfalntiljardindeluz.com\/wp-content\/uploads\/2022\/10\/jardin-de-luz_42-300x168.jpeg\" class=\"attachment-medium size-medium\" alt=\"\" srcset=\"https:\/\/centroinfalntiljardindeluz.com\/wp-content\/uploads\/2022\/10\/jardin-de-luz_42-300x168.jpeg 300w, https:\/\/centroinfalntiljardindeluz.com\/wp-content\/uploads\/2022\/10\/jardin-de-luz_42-1024x574.jpeg 1024w, https:\/\/centroinfalntiljardindeluz.com\/wp-content\/uploads\/2022\/10\/jardin-de-luz_42-768x430.jpeg 768w, https:\/\/centroinfalntiljardindeluz.com\/wp-content\/uploads\/2022\/10\/jardin-de-luz_42.jpeg 1440w\" sizes=\"auto, (max-width: 300px) 100vw, 300px\" \/><\/a>\n\t\t\t<\/div><\/figure><figure class='gallery-item'>\n\t\t\t<div class='gallery-icon landscape'>\n\t\t\t\t<a data-elementor-open-lightbox=\"yes\" data-elementor-lightbox-slideshow=\"18f1397\" data-elementor-lightbox-title=\"jard\u00edn de luz_40\" data-e-action-hash=\"#elementor-action%3Aaction%3Dlightbox%26settings%3DeyJpZCI6MTg1LCJ1cmwiOiJodHRwczpcL1wvY2VudHJvaW5mYWxudGlsamFyZGluZGVsdXouY29tXC93cC1jb250ZW50XC91cGxvYWRzXC8yMDIyXC8xMFwvamFyZGluLWRlLWx1el80MC5qcGVnIiwic2xpZGVzaG93IjoiMThmMTM5NyJ9\" href='https:\/\/centroinfalntiljardindeluz.com\/wp-content\/uploads\/2022\/10\/jardin-de-luz_40.jpeg'><img loading=\"lazy\" decoding=\"async\" width=\"300\" height=\"163\" src=\"https:\/\/centroinfalntiljardindeluz.com\/wp-content\/uploads\/2022\/10\/jardin-de-luz_40-300x163.jpeg\" class=\"attachment-medium size-medium\" alt=\"\" srcset=\"https:\/\/centroinfalntiljardindeluz.com\/wp-content\/uploads\/2022\/10\/jardin-de-luz_40-300x163.jpeg 300w, https:\/\/centroinfalntiljardindeluz.com\/wp-content\/uploads\/2022\/10\/jardin-de-luz_40-1024x557.jpeg 1024w, https:\/\/centroinfalntiljardindeluz.com\/wp-content\/uploads\/2022\/10\/jardin-de-luz_40-768x418.jpeg 768w, https:\/\/centroinfalntiljardindeluz.com\/wp-content\/uploads\/2022\/10\/jardin-de-luz_40.jpeg 1440w\" sizes=\"auto, (max-width: 300px) 100vw, 300px\" \/><\/a>\n\t\t\t<\/div><\/figure><figure class='gallery-item'>\n\t\t\t<div class='gallery-icon landscape'>\n\t\t\t\t<a data-elementor-open-lightbox=\"yes\" data-elementor-lightbox-slideshow=\"18f1397\" data-elementor-lightbox-title=\"jard\u00edn de luz_47\" data-e-action-hash=\"#elementor-action%3Aaction%3Dlightbox%26settings%3DeyJpZCI6MTgwLCJ1cmwiOiJodHRwczpcL1wvY2VudHJvaW5mYWxudGlsamFyZGluZGVsdXouY29tXC93cC1jb250ZW50XC91cGxvYWRzXC8yMDIyXC8xMFwvamFyZGluLWRlLWx1el80Ny5qcGVnIiwic2xpZGVzaG93IjoiMThmMTM5NyJ9\" href='https:\/\/centroinfalntiljardindeluz.com\/wp-content\/uploads\/2022\/10\/jardin-de-luz_47.jpeg'><img loading=\"lazy\" decoding=\"async\" width=\"300\" height=\"164\" src=\"https:\/\/centroinfalntiljardindeluz.com\/wp-content\/uploads\/2022\/10\/jardin-de-luz_47-300x164.jpeg\" class=\"attachment-medium size-medium\" alt=\"\" srcset=\"https:\/\/centroinfalntiljardindeluz.com\/wp-content\/uploads\/2022\/10\/jardin-de-luz_47-300x164.jpeg 300w, https:\/\/centroinfalntiljardindeluz.com\/wp-content\/uploads\/2022\/10\/jardin-de-luz_47-1024x560.jpeg 1024w, https:\/\/centroinfalntiljardindeluz.com\/wp-content\/uploads\/2022\/10\/jardin-de-luz_47-768x420.jpeg 768w, https:\/\/centroinfalntiljardindeluz.com\/wp-content\/uploads\/2022\/10\/jardin-de-luz_47.jpeg 1436w\" sizes=\"auto, (max-width: 300px) 100vw, 300px\" \/><\/a>\n\t\t\t<\/div><\/figure><figure class='gallery-item'>\n\t\t\t<div class='gallery-icon landscape'>\n\t\t\t\t<a data-elementor-open-lightbox=\"yes\" data-elementor-lightbox-slideshow=\"18f1397\" data-elementor-lightbox-title=\"jard\u00edn de luz_48\" data-e-action-hash=\"#elementor-action%3Aaction%3Dlightbox%26settings%3DeyJpZCI6MTc5LCJ1cmwiOiJodHRwczpcL1wvY2VudHJvaW5mYWxudGlsamFyZGluZGVsdXouY29tXC93cC1jb250ZW50XC91cGxvYWRzXC8yMDIyXC8xMFwvamFyZGluLWRlLWx1el80OC5qcGVnIiwic2xpZGVzaG93IjoiMThmMTM5NyJ9\" href='https:\/\/centroinfalntiljardindeluz.com\/wp-content\/uploads\/2022\/10\/jardin-de-luz_48.jpeg'><img loading=\"lazy\" decoding=\"async\" width=\"300\" height=\"228\" src=\"https:\/\/centroinfalntiljardindeluz.com\/wp-content\/uploads\/2022\/10\/jardin-de-luz_48-300x228.jpeg\" class=\"attachment-medium size-medium\" alt=\"\" srcset=\"https:\/\/centroinfalntiljardindeluz.com\/wp-content\/uploads\/2022\/10\/jardin-de-luz_48-300x228.jpeg 300w, https:\/\/centroinfalntiljardindeluz.com\/wp-content\/uploads\/2022\/10\/jardin-de-luz_48-1024x777.jpeg 1024w, https:\/\/centroinfalntiljardindeluz.com\/wp-content\/uploads\/2022\/10\/jardin-de-luz_48-768x583.jpeg 768w, https:\/\/centroinfalntiljardindeluz.com\/wp-content\/uploads\/2022\/10\/jardin-de-luz_48.jpeg 1440w\" sizes=\"auto, (max-width: 300px) 100vw, 300px\" \/><\/a>\n\t\t\t<\/div><\/figure>\n\t\t<\/div>\n\t\t<\/div>\n\t\t\t\t<\/div>\n\t\t\t\t<\/div>\n\t\t\t\t\t<\/div>\n\t\t<\/div>\n\t\t\t\t\t\t\t<\/div>\n\t\t<\/section>\n\t\t\t\t\t\t\t<\/div>\n\t\t","protected":false},"excerpt":{"rendered":"<p>Con\u00f3cenos C.E.I. JARD\u00cdN DE LUZ\u00a0Es una escuela privada no concertada que se encuentra en la Universidad de Huelva (abierta a todos los p\u00fablicos) .La escuela se form\u00f3\u00a0a partir de una gran ilusi\u00f3n\u00a0por crear una escuela activa, con un curr\u00edculo abierto y flexible, proporcionando una identidad y un estilo propios.La intenci\u00f3n es la de poder sacar [&hellip;]<\/p>\n","protected":false},"author":1,"featured_media":0,"parent":0,"menu_order":0,"comment_status":"closed","ping_status":"closed","template":"","meta":{"site-sidebar-layout":"no-sidebar","site-content-layout":"page-builder","ast-site-content-layout":"default","site-content-style":"default","site-sidebar-style":"default","ast-global-header-display":"","ast-banner-title-visibility":"","ast-main-header-display":"","ast-hfb-above-header-display":"","ast-hfb-below-header-display":"","ast-hfb-mobile-header-display":"","site-post-title":"disabled","ast-breadcrumbs-content":"","ast-featured-img":"disabled","footer-sml-layout":"","theme-transparent-header-meta":"","adv-header-id-meta":"","stick-header-meta":"","header-above-stick-meta":"","header-main-stick-meta":"","header-below-stick-meta":"","astra-migrate-meta-layouts":"default","ast-page-background-enabled":"default","ast-page-background-meta":{"desktop":{"background-color":"var(--ast-global-color-4)","background-image":"","background-repeat":"repeat","background-position":"center center","background-size":"auto","background-attachment":"scroll","background-type":"","background-media":"","overlay-type":"","overlay-color":"","overlay-opacity":"","overlay-gradient":""},"tablet":{"background-color":"","background-image":"","background-repeat":"repeat","background-position":"center center","background-size":"auto","background-attachment":"scroll","background-type":"","background-media":"","overlay-type":"","overlay-color":"","overlay-opacity":"","overlay-gradient":""},"mobile":{"background-color":"","background-image":"","background-repeat":"repeat","background-position":"center center","background-size":"auto","background-attachment":"scroll","background-type":"","background-media":"","overlay-type":"","overlay-color":"","overlay-opacity":"","overlay-gradient":""}},"ast-content-background-meta":{"desktop":{"background-color":"var(--ast-global-color-5)","background-image":"","background-repeat":"repeat","background-position":"center center","background-size":"auto","background-attachment":"scroll","background-type":"","background-media":"","overlay-type":"","overlay-color":"","overlay-opacity":"","overlay-gradient":""},"tablet":{"background-color":"var(--ast-global-color-5)","background-image":"","background-repeat":"repeat","background-position":"center center","background-size":"auto","background-attachment":"scroll","background-type":"","background-media":"","overlay-type":"","overlay-color":"","overlay-opacity":"","overlay-gradient":""},"mobile":{"background-color":"var(--ast-global-color-5)","background-image":"","background-repeat":"repeat","background-position":"center center","background-size":"auto","background-attachment":"scroll","background-type":"","background-media":"","overlay-type":"","overlay-color":"","overlay-opacity":"","overlay-gradient":""}},"footnotes":""},"class_list":["post-61","page","type-page","status-publish","hentry"],"_links":{"self":[{"href":"https:\/\/centroinfalntiljardindeluz.com\/index.php\/wp-json\/wp\/v2\/pages\/61","targetHints":{"allow":["GET"]}}],"collection":[{"href":"https:\/\/centroinfalntiljardindeluz.com\/index.php\/wp-json\/wp\/v2\/pages"}],"about":[{"href":"https:\/\/centroinfalntiljardindeluz.com\/index.php\/wp-json\/wp\/v2\/types\/page"}],"author":[{"embeddable":true,"href":"https:\/\/centroinfalntiljardindeluz.com\/index.php\/wp-json\/wp\/v2\/users\/1"}],"replies":[{"embeddable":true,"href":"https:\/\/centroinfalntiljardindeluz.com\/index.php\/wp-json\/wp\/v2\/comments?post=61"}],"version-history":[{"count":16,"href":"https:\/\/centroinfalntiljardindeluz.com\/index.php\/wp-json\/wp\/v2\/pages\/61\/revisions"}],"predecessor-version":[{"id":252,"href":"https:\/\/centroinfalntiljardindeluz.com\/index.php\/wp-json\/wp\/v2\/pages\/61\/revisions\/252"}],"wp:attachment":[{"href":"https:\/\/centroinfalntiljardindeluz.com\/index.php\/wp-json\/wp\/v2\/media?parent=61"}],"curies":[{"name":"wp","href":"https:\/\/api.w.org\/{rel}","templated":true}]}}